t is k(i)?
-3
Let y(s) be the first derivative of s**4/4 + 3*s**3 - 3*s + 7. Let p be y(-9). Let c(k) = -k - 2. Give c(p).
1
Let i(t) = -t + 8. Let p be i(6). Let a be (-54)/(-45)*5/p. Let b(v) = -a + v + v + 0*v. Calculate b(3).
3
Let l(n) = 2*n**2 + 2*n + 2 - 5 + 4 - 5*n**3. Let w = -52 - -52. Suppose -12*s + 17*s + 5 = w. Give l(s).
6
Suppose 0*a = -3*a - 3. Suppose -6*b - 3*b + 585 = 0. Let k(w) = -b - 13*w**2 + 5*w**2 + 66. Determine k(a).
-7
Let b = -2064 + 2069. Let w(f) = -4*f**2 + 27*f + 2. Let t(h) = 2*h**2 - 13*h - 1. Let l(p) = -13*t(p) - 6*w(p). Calculate l(b).
-14
Suppose -4*d + 7*d + 15 = 0. Let i be (-1)/(((-5)/(-4))/d). Let x(o) be the second derivative of o**5/20 - o**4/4 - o**2/2 - 2*o + 135. Calculate x(i).
15
Suppose -3*h - 2*h = -15. Let c(d) = 1 + d + 4 + h - 2*d. What is c(-6)?
14
Let p be -2*1 + 1/1. Let b(y) be the first derivative of y**3/3 + y**2/2 - 11. Calculate b(p).
0
Let y(s) = -s**2 + 11*s - 6. Let b be (57/(-6) + 9)*-22. What is y(b)?
-6
Let s = 37 - -8. Suppose 3*a - s = -3*t, -t - 27 = -5*a + 24. Let q = a + -16. Let c(o) = o + 8. What is c(q)?
3
Let w be 10*(-11)/(-330) - 34/(-6). Let o(x) = x**2 + 2*x - 2. Calculate o(w).
46
Let g(j) = -j**3 - 10*j**2 - 18*j - 14. Let q be g(-8). Let i(x) = x**3 - 4*x**2 + 3*x - 1. Determine i(q).
-3
Let s(v) be the first derivative of v**7/840 - v**6/45 + v**4/12 - 16*v**3/3 + 9. Let z(p) be the third derivative of s(p). Calculate z(8).
2
Let i(k) = k**3 + 2*k**2 - 8. Let p be 1*1/(-2)*(4 + -4). Determine i(p).
-8
Let l = 24 - 15. Let i = 18 - l. Let q be 2/i + 325/117. Let s(j) = -4*j + 2. Calculate s(q).
-10
Let p(m) be the third derivative of -1/15*m**5 + m**2 + 1/6*m**3 + 1/120*m**6 + 0 + 1/24*m**4 + 0*m. Give p(4).
5
Let j(p) be the second derivative of 1/3*p**3 + 0 - 2*p - 1/12*p**4 - 3/2*p**2. Let w be j(3). Let o(k) = -k**2 - 6*k - 8. Calculate o(w).
-8
Let n(w) be the second derivative of w**4/4 + w**3/6 + 5*w**2/2 + 309*w - 1. Determine n(-2).
15
Let l be (-99)/20 - (7 + -17)/2. Let n(a) be the second derivative of -l*a**5 + 1/3*a**3 + 6*a + 1/2*a**2 + 0 - 5/12*a**4. Calculate n(-5).
-9
Let w(q) = 13 - 16*q + 7*q**3 + 6 + 14*q**2 - 5. Let a(k) = 6*k**3 + 13*k**2 - 15*k + 13. Let b(c) = 6*a(c) - 5*w(c). Calculate b(-9).
17
Let f(o) = 3*o**3 + o + 1 - 5*o**3 - 3*o + o**2 + 10*o**3 + 4*o**3. Determine f(1).
12
Let t(a) be the first derivative of a**6/120 + a**5/20 - a**4/12 - a**3/2 - 7*a**2 - 13. Let x(y) be the second derivative of t(y). Calculate x(-3).
3
Let z(l) = l - 4. Suppose -h = 4*d - 17, d = -5*h + 5*d - 11. Let p be h/(-5) + (-2)/(-10). Give z(p).
-4
Let c(f) be the first derivative of 11*f**6/360 - f**5/60 - f**4/24 - 5*f**3 + 13. Let k(q) be the third derivative of c(q). Determine k(-1).
12
Let z = 291 + -202. Let s = z + -96. Let g(c) = 2*c + 8. Give g(s).
-6
Let j = -71 - -66. Let f(v) be the first derivative of -v**3/3 - 4*v**2 - 5*v + 2. Determine f(j).
10
Let o(l) = 5*l**2 - 9*l + 12. Let q(z) = 4*z**2 - 8*z + 11. Let w(h) = 5*o(h) - 6*q(h). Let x(m) = -m + 1. Let c be x(1). Suppose -i - 5 = -c*i. What is w(i)?
4
Let f = 45 + -14. Let g = -37 + f. Let p(o) be the first derivative of o**4/4 + 7*o**3/3 + 4*o**2 + 8*o + 1. What is p(g)?
-4
Let d(k) be the first derivative of -4*k**2 - k + 49. Calculate d(2).
-17
Let i(b) = -b**3 + b - 2. Let w(c) = 2*c**3 + c**2 - 2*c + 4. Let g = 4 - 7. Let s(z) = g*w(z) - 5*i(z). Let y = -842 + 838. What is s(y)?
10
Let m(p) = p**3 - 4*p**2 - 4*p + 1. Let b be m(5). Let a(d) be the second derivative of 1/6*d**3 - 1/2*d**2 - 1/2*d**4 - 19*d + 1/20*d**5 + 0. What is a(b)?
5
Let b = 371 + -359. Let l(n) = -n**3 + 13*n**2 - 10*n - 13. Give l(b).
11
Let g(i) = 5*i - 1. Let c(j) = -4*j + 483 - 483. Suppose -3*x - r - 4*r = 1, -4*x = 2*r - 8. Let s(k) = x*g(k) + 4*c(k). Calculate s(0).
-3
Let f be (18/12)/(21/(-28)). Let u(t) = 4*t - 2. What is u(f)?
-10
Let g(p) = -p**2 - 34*p - 4. Let o be g(-34). Let x(t) = -t**3 - 3*t**2 + 2*t + 1. Determine x(o).
9
Let h(l) = l + 2. Suppose -16 - 51 = -q. Let a = 69 - q. Give h(a).
4
Let a(i) = i**2 - 1. Let p(o) = 6*o**2 - 3*o + 1. Let k(h) = -a(h) + p(h). Let f be k(1). Let x(q) = -9 - 8 + 22 - 3 - q. Determine x(f).
-2
Let p(d) be the third derivative of 6*d**2 - 1/60*d**5 + 0*d + 0 + 1/24*d**4 + 2/3*d**3. Suppose 0 = -a - 3. Determine p(a).
-8
Let s be 0 - (2/3 - (-10)/(-6)). Let c be s - (3 + 3)*(3 - 4). Let j(m) = -3*m + 6. What is j(c)?
-15
Let o(z) be the first derivative of z**4/4 + z**3/3 - z**2 - z + 796. Calculate o(-3).
-13
Let a(x) be the second derivative of -x**3/6 - 15*x**2/2 + 138*x. What is a(-11)?
-4
Let q(f) = -f - 7. Suppose 2*v + 4*r = 22, 35 = 4*v + v + 5*r. Let y(h) = h**3 - 4*h**2 + 2*h. Let i be y(v). What is q(i)?
-4
Let m(f) be the third derivative of f**5/20 - f**4/8 + 5*f**3/6 - f**2. Let b(j) = 2604*j + 3 - 2606*j + 3*j**2 - j**2. Let o(a) = 7*b(a) - 4*m(a). Give o(2).
5
Let r(o) = o**3 + 5*o**2 - o - 2. Suppose 0 = -4*n + n + 45. Let u = n - 20. Give r(u).
3
Let k be (-23)/(-2)*-1*-8. Let m(g) = k*g - 8 - 186*g + 97*g. What is m(6)?
10
Let b(j) = -3*j**2 + 2. Let u = 443 - 439. Determine b(u).
-46
Let r(b) = 2*b - 33. Let u be r(15). Let z be 10/(-25) - u/(-5). Let w(c) = -17*c + 1. Give w(z).
18
Let b(t) = -4*t - 1. Let h(p) = 10*p + 1. Let g(z) = 2*b(z) + h(z). Determine g(1).
1
Suppose -3*j = -u + 4, -2*u - 5*j + 119 = 144. Let t(d) = -d**2 - 5*d - 12. What is t(u)?
-12
Let m(k) = k**3 + 7*k**2 - 5*k - 41. Let l be m(-7). Let d(b) = 2*b - 9. Let p(j) = j - 9. Let v(a) = -3*d(a) + 4*p(a). Give v(l).
3
Let z = 477 - 491. Let f(l) = l**3 + 13*l**2 - 16*l - 29. Determine f(z).
-1
Let k = -61 + 62. Suppose 0 = 2*j + 1 - k. Let m(x) = x**3 + x**2 + 5. Calculate m(j).
5
Suppose -10*u + 12 = -6*u. Let p(s) be the second derivative of -2*s**2 + 11*s + 0 + 5/6*s**3. Calculate p(u).
11
Let h(j) = 3*j**2 - 23*j - 5. Let g be h(8). Let i(c) = -c**3 + 3*c**2 + 2*c - 4. Give i(g).
2
Let x(j) = 21 - 17 - 10*j + 49. What is x(6)?
-7
Let t(p) = 11*p - 5 - 2*p - 2*p - 6*p. Suppose 2 = 3*r + 3*y + 8, -16 = -4*r + 2*y. Suppose -r*f + 5*a - 4 - 3 = 0, 10 = f + 2*a. What is t(f)?
-1
Let l(d) = 15*d - 4. Let b(t) = -26*t + 7. Let i(j) = 3*b(j) + 5*l(j). What is i(-1)?
4
Suppose 4*i = q - 157, -3*q + 145 = -4*i + 2*q. Let o be i/140 - 18/(-14). Let l(u) = -2*u**2 + 1. Give l(o).
-1
Let h be -4 + 4 - -6 - 3. Suppose 2*o = t - 3*o + 24, h*t + 7 = 2*o. Let i(x) = -3. Let f(c) = c. Let s(y) = t*f(y) + i(y). Determine s(-6).
-9
Let q = -3706 + 3700. Let h(y) be the second derivative of -y**3/6 - y**2 + y. Give h(q).
4
Let g(x) be the first derivative of x**4/4 + x**3 - x**2/2 + 2*x - 46. Determine g(-3).
5
Let y(s) = -s + 3. Let q(g) = g**3 - 8*g**2 + 8*g - 6. Let p be q(7). Let a be 4/8*(-5 - p). Let t be a/(-1) - (-21)/(-3). Determine y(t).
7
Let i(r) = 4*r + 10. Let x = -283 + 278. Calculate i(x).
-10
Let b(m) = 5 - m - 2 + 1 + 3. Suppose 3*u = -2*x - 1, 2 = -4*x + 4*u + 10. Suppose 3 + x = q. Determine b(q).
3
Let t = -79 + 9. Let h be 3/2*t/21. Let o(p) = p**3 + 6*p**2 + 5*p - 5. Let k be o(h). Let x(g) = g**2 + 5*g + 3. Determine x(k).
3
Let o(t) = t**2 - 31*t - 28*t - 11 + 2 + 74*t - 23*t. Let b be 2/(1/4 - 0). Determine o(b).
-9
Let g(l) = l**3 + 4*l**2 + 8*l + 10. Let x be g(-3). Let b(t) = t**2 + 13*t + 3. Calculate b(x).
-37
Let c(w) = -2*w - 9. Let l(d) = -3. Let p(m) = -2*c(m) + 7*l(m). Give p(4).
13
Let l(g) = g**3 - 6*g**2 - 2*g - 5. Let f be l(7). Suppose -f = 5*q - 0. Let t(i) be the first derivative of 2*i**2 + 5*i + 2. What is t(q)?
-19
Suppose 17*r = -45 + 300. Let g(f) = -f**3 + 16*f**2 - 15*f. What is g(r)?
0
Let l(w) = -2*w**2 + 8*w + 7. Let i be l(5). Let k(n) = 4*n**2 + 4*n + 2. Let h(u) = u**2 + 1. Let v(d) = -3*h(d) + k(d). Give v(i).
-4
Let t = -29 - -24. Let g(d) = d + 7. Calculate g(t).
2
Let m(l) be the second derivative of -2*l**4/3 + l**3/6 - l. Let r = -150 + 152. Suppose -s - r*p = -5, -s = 3*p - 0 - 7. What is m(s)?
-7
Let k(t) = 10*t**2 - 4*t - 5*t - 4 - t**3 + 6*t - 3 + 5*t. Calculate k(10).
13
Suppose -212 = -3*g - g. Let n(s) = -29*s + g*s + 10*s**2 - 25*s. Suppose 5*d - 6 = t, t + 5 = 2*d + 2. What is n(t)?
11
Let l(q) = 8*q**2. Suppose -9 = 3*p + 3*v, 2*p + 15 = 5*v + 37. Determine l(p).
8
Let q(y) = -y**2 - 6*y + 7. Let r be q(-